 -2*s. Let p be 3/9*49*15. Let c = s + p. What is the tens digit of c?
7
Let d(c) = -2*c**2 - c + 46. Let w be d(0). Let b = w - 34. What is the units digit of b?
2
Let m = 67 - -1. Suppose 32 = 5*o - m. What is the units digit of 5/o - (455/(-4) + 0)?
4
Let y(f) = 5*f**2 - 3*f - 2. Let k be (-6)/(-4) + 249/(-6). Let u = k - -38. What is the tens digit of y(u)?
2
Let n be (-8)/(-36) + (-125)/(-45). Let p be (66/(-7))/(n/21). Let v = -41 - p. What is the tens digit of v?
2
Suppose 48*n = 820 + 3692. Let o(m) = m + 5. Let i be o(-3). Suppose -2*g - 3*u + n = u, 2*g + i*u = 88. What is the units digit of g?
1
Let x(i) = -i**2 - 7*i + 19. Let k be 2/4*(-10 - -18). Let f be k - (-1 + 13)*1. What is the units digit of x(f)?
1
Suppose 31 = 2*t + 3*s - 25, 0 = -3*s + 6. Suppose 3*o + 2*g - 55 - t = 0, 118 = 4*o - 3*g. What is the units digit of o?
8
Let d(a) = -a**2 + 6*a + 51. Let m be d(-5). What is the tens digit of m/(-3)*963/12?
0
Let c(y) = y**2 + 9*y + 14. Let w be c(-7). Suppose -3*d = 3*p - 198 - 870, w = -4*d + 3*p + 1445. What is the hundreds digit of d?
3
Let c(h) = h**2 + 11*h + 0 - 50 - 9*h + 17*h + 10*h. What is the units digit of c(-37)?
6
Suppose 0 = -19*z + 45*z - 337688. What is the units digit of z/24 + (-5)/(-60)*-2?
1
Suppose -o + 5*m + 65447 = 0, -6904*o + m + 65463 = -6903*o. What is the tens digit of o?
6
Suppose 2*m = 250 + 300. Let q = m - 93. What is the units digit of q?
2
Suppose -911209 = -211*x - 99070. What is the hundreds digit of x?
8
Let c be (-238128)/(-192) + 3/4. Suppose 5*t - c = -2*g, -998 = -4*t + g - 0*g. What is the hundreds digit of t?
2
Let x(b) = 77*b + 14. Let l be x(5). What is the units digit of l - (-2 - (-4 - -1))?
8
Suppose -4*u = 5*t - 92052, -1963 = 3*t + 2*u - 57193. What is the units digit of t?
8
Let w(z) = z**3 + 15*z**2 + 35*z + 3. Let n be w(-10). Let d = 539 + n. What is the tens digit of d?
9
Let i(s) = 6*s + 24*s**2 - 10*s**2 + 15 - 40*s**2 + s**3. What is the units digit of i(27)?
6
Let n = 10908 + -6183. What is the tens digit of n?
2
Let o = 58 + -56. Suppose -3*q + k + 188 = 0, 197 = 4*q - o*k - 51. What is the units digit of q?
4
Suppose -3*x - 87 = -4*m, -m - 18 = -21. What is the units digit of (-5)/x*0 - (-545 + 4)?
1
Let b be (-88)/(-24) - 2/(-6). Suppose -638 = b*g + 294. Let f = -111 - g. What is the hundreds digit of f?
1
Let i(r) = -22*r - 304. Let c be i(-13). Let p(b) = -b**3 - 17*b**2 - 28*b - 11. What is the units digit of p(c)?
7
Let l(o) be the second derivative of o**4/12 + o**3/2 + 3*o**2/2 + 321*o. What is the units digit of l(-21)?
1
What is the tens digit of (-190 - -213) + (1 - -20048)?
7
Let j(b) = -1 + 227*b**2 - b + 5*b - 225*b**2 - 8*b**3. Let v be j(-3). Suppose -3*x = -2*l + v, 2*x = -0 - 2. What is the units digit of l?
9
Suppose -3*n + 16 = 43. Let x be -1 - n/6*4/(-3). What is the units digit of x - 15/(-2)*(-96)/(-9)?
7
Suppose 23*d - 31*d = -18472. What is the hundreds digit of d?
3
Let a = -21023 + 53046. What is the ten thousands digit of a?
3
Suppose 36 = 4*x - 2*s, -2*x + 6*x - 36 = -s. Let n be 1/(2/(-10)) + (-18)/x. Let d(t) = -12*t + 22. What is the tens digit of d(n)?
0
Let o = -25 + 37. Suppose 16 = o*y - 8*y. Suppose y*z + z - 5*b - 530 = 0, -5*b = -2*z + 212. What is the tens digit of z?
0
Let j be (0 - -2)*(-14)/4. Let d(g) = g**3 + 45908*g**2 - 2*g - 45899*g**2 + 2*g. What is the units digit of d(j)?
8
Let z = -176 - -2432. What is the thousands digit of z?
2
Suppose 2*b + 3*b = -2*b. Suppose b = -3*h + y + 591, 2*h - 5*y - 94 = 287. What is the hundreds digit of h?
1
Suppose 0 = -73*z + 68*z - 4715. Let w = z - -2732. What is the units digit of w?
9
Suppose 5*q - 76*p = -80*p + 28640, -5*p - 25 = 0. What is the hundreds digit of q?
7
Let g(c) = 19*c + 1937. What is the hundreds digit of g(-43)?
1
Suppose -11587*y = -11573*y - 51758. What is the thousands digit of y?
3
What is the ten thousands digit of 3/(-1)*((-23218589)/57)/29?
4
Suppose -97*y - 130*y + 7502804 = 0. What is the hundreds digit of y?
0
Let m be 18/(-4)*(-8)/6. Suppose 2*i - m = -0*i. Suppose -i*d + 285 + 15 = 0. What is the tens digit of d?
0
Suppose 3*g + 925 = -22*b + 18*b, 2*b + 917 = -3*g. Let x = -129 - g. What is the hundreds digit of x?
1
Let t(y) = -5*y**3 + 89 - 2*y**3 + 12*y - y**3 - 10*y**3 + 14*y**3. What is the units digit of t(-5)?
9
Suppose 0 = -0*k - 7*k + 336. Suppose 0 = 7*a - 11*a + k. What is the units digit of -3 - a*(-21)/2 - -2?
5
Let o(l) = -65*l**2 + 24 - 4 - 2*l + 38*l**2 - 4*l**3 - 4. What is the units digit of o(-8)?
2
Let r be (-1)/((-3)/7 + (-2)/(-21)). Suppose -5*d = -25, -r*n - 5*d + 1021 + 315 = 0. What is the units digit of n?
7
Let v(n) = -1928*n - 2957. What is the hundreds digit of v(-8)?
4
Suppose w = q + 21, -2*q - 39 = -9*w + 4*w. What is the hundreds digit of 4/q + (-235175)/(-275)?
8
Suppose -11*x = 164 + 188. What is the hundreds digit of ((-5260)/(-16))/((-20)/x)?
5
Let p(s) = -s + 9. Let j be p(3). Suppose 1012 = j*q + 5*q. What is the tens digit of q?
9
Let i be (-9)/(-2)*-3*(-4)/(-18). Let x be (3/(-5)*i)/((-12)/(-40)). What is the tens digit of (-2)/x + 965/15?
6
Suppose -5*x - 4*o = -18359, 23 - 22 = o. What is the thousands digit of x?
3
Let z = 183 + -180. Suppose -2*k + z*c - 159 = -6*k, 0 = 5*k + 4*c - 200. What is the units digit of k?
6
Suppose 0 = -g + 2*x - x + 28, -3*x = 2*g - 66. Suppose -2*v + 58 - g = 0. What is the tens digit of v?
1
Let j = 528 + -155. What is the hundreds digit of j + (-30)/(-4)*(-26)/(-39)?
3
Let r = -18 + 14. Let u(q) be the third derivative of -2*q**4/3 + 17*q**3/6 + 12*q**2. What is the tens digit of u(r)?
8
Let o be (-2)/32*4 + 29/4. Let q be o/(5/15 + 0). Let v = 78 - q. What is the units digit of v?
7
Let x be (-407)/(6/(-15)*30/(-12)). Let s = -131 - x. What is the hundreds digit of s?
2
Let u = -1625 - -1625. Suppose 5*a = -28 + 193. Suppose 3*o - 4*o + 3*j + 33 = u, -5*j = -o + a. What is the tens digit of o?
3
Suppose -z + 206 = 5*x, -z - 2*z - 12 = 0. What is the tens digit of 28/x*1590/4?
6
Suppose 5*z = -2*d + 30, -5*d - 3*z + 44 = -12. Let p(y) = 9*y**2 - 3*y - 19. What is the hundreds digit of p(d)?
8
Suppose 504 = 22*y + 2*y. Suppose y*k - 7607 = 2284. What is the units digit of k?
1
Suppose -10 = 6*x - 11*x. Let w be x/(-6) + (2/6 - -3). Suppose t + w*u - 14 = -0*t, 10 = -5*u. What is the tens digit of t?
2
Suppose 4948*r - 1404 - 171 = 4943*r. Suppose 4*n = -978 + 134. Let k = r + n. What is the tens digit of k?
0
Let m(k) = 5*k**3 + 730*k**2 - 291*k - 361. What is the thousands digit of m(-146)?
2
Suppose -2*p = -112059 + 55611. What is the thousands digit of p?
8
What is the units digit of ((-3)/(9/181))/(609/(-1827))?
1
Let i = -205 + 293. What is the tens digit of (-22)/i - 565/(-4)?
4
Suppose -5*o + 20 = 0, -t + 5*o - 4980 = -45808. What is the thousands digit of t?
0
Suppose -1285 = -3*u - 4*h + 72, -4*u - 4*h = -1812. Let r = -128 + u. What is the hundreds digit of r?
3
Let r = -46 + 1060. What is the hundreds digit of r?
0
Let d = 535 + -1037. Let t = d - -832. What is the units digit of (-11)/(8/(-44) - (-38)/t)?
5
Let m be 9 + 1/((-1)/4). Suppose 2*v + 2*u = 0, -10 = m*v - 4*u + 8. What is the units digit of v/((-1)/(-2) + 122/(-228))?
7
Let p(r) = -5*r**2 - 643 + 22*r**2 + 675 + 18*r. What is the hundreds digit of p(-7)?
7
Let v be (-3)/(-5)*3920/112. Suppose v*k + 4*k - 1550 = 0. What is the tens digit of k?
6
Suppose -u = k + 499 - 2417, 0 = 5*k + u - 9590. What is the thousands digit of k?
1
Suppose -145*c + 7096199 = 1502534. What is the hundreds digit of c?
5
Suppose u - 6*u + 4*v + 207 = 0, -2*v = 6. Suppose -u - 16 = -11*q. Suppose o + 371 = q*o + 5*j, j = -o + 93. What is the units digit of o?
4
Let n = -92 - -182. Let c = 22 + 2. Let b = c + n. What is the tens digit of b?
1
Let n(t) = -2*t + 40. Let f be n(20). Suppose f*p - 2 = -p. What is the tens digit of (-748)/(-12) - p/(-3)?
6
Let a be 36 + 6/(-1) - 3. What is the tens digit of (a/(-2))/((-15)/60)?
5
Let c = 25065 - 12980. What is the hundreds digit of c?
0
Let f be ((-2)/(-10))/((-1)/(-15)). Suppose -5*k + 14 = f*r + 2, 10 = 2*k - 4*r. Suppose 25 = 5*n, k*q + 4*n + 19 = 63. What is the units digit of q?
8
Suppose -85370 = -5*d - 16*k + 7*k, -5*k = 0. What is the units digit of d?
4
Let q(z) =